{"id":367,"date":"2021-04-15T14:03:20","date_gmt":"2021-04-15T12:03:20","guid":{"rendered":"https:\/\/ecole-val-saint-andre.fr\/lecole\/lycee\/"},"modified":"2025-05-05T16:47:29","modified_gmt":"2025-05-05T14:47:29","slug":"high-school","status":"publish","type":"page","link":"https:\/\/ecole-val-saint-andre.fr\/en\/the-school\/high-school\/","title":{"rendered":"Lyc\u00e9e"},"content":{"rendered":"<div id=\"pl-367\"  class=\"panel-layout\" ><div id=\"pg-367-0\"  class=\"panel-grid panel-no-style\" ><div id=\"pgc-367-0-0\"  class=\"panel-grid-cell\" ><div id=\"panel-367-0-0-0\" class=\"so-panel widget widget_sow-editor panel-first-child\" data-index=\"0\" ><div\n\t\t\t\n\t\t\tclass=\"so-widget-sow-editor so-widget-sow-editor-base\"\n\t\t\t\n\t\t><h3 class=\"widget-title\">Lyc\u00e9e<\/h3>\n<div class=\"siteorigin-widget-tinymce textwidget\">\n\t<h2>Reinforced English teaching from 6th grade to Terminale, 2 additional hours of classes, on top of the official hours.<\/h2>\n<\/div>\n<\/div><\/div><div id=\"panel-367-0-0-1\" class=\"so-panel widget widget_sow-editor\" data-index=\"1\" ><div\n\t\t\t\n\t\t\tclass=\"so-widget-sow-editor so-widget-sow-editor-base\"\n\t\t\t\n\t\t><h3 class=\"widget-title\">Grade 2<\/h3>\n<div class=\"siteorigin-widget-tinymce textwidget\">\n\t<p>Acquire a good working method to pursue studies in the second cycle.<\/p>\n<p>In-company internship Report and defense before a jury from the business world.<\/p>\n<\/div>\n<\/div><\/div><div id=\"panel-367-0-0-2\" class=\"so-panel widget widget_sow-editor\" data-index=\"2\" ><div\n\t\t\t\n\t\t\tclass=\"so-widget-sow-editor so-widget-sow-editor-base\"\n\t\t\t\n\t\t><h3 class=\"widget-title\">1st grade<\/h3>\n<div class=\"siteorigin-widget-tinymce textwidget\">\n\t<p>Particular care is given to preparing the anticipated French test for the Baccalaur\u00e9at. Pupils have the possibility to use Internet. The school has a modern IT room with the latest PCs and printer so that pupils can work on projects and print out.<\/p>\n<\/div>\n<\/div><\/div><div id=\"panel-367-0-0-3\" class=\"so-panel widget widget_sow-editor panel-last-child\" data-index=\"3\" ><div\n\t\t\t\n\t\t\tclass=\"so-widget-sow-editor so-widget-sow-editor-base\"\n\t\t\t\n\t\t><h3 class=\"widget-title\">Terminales<\/h3>\n<div class=\"siteorigin-widget-tinymce textwidget\">\n\t<p><strong>Literary Serie<\/strong>: Specialized Teaching: English LV1 - LELE - Literature<\/p>\n<p><strong>Serie Economique et Sociale<\/strong>: Specialized courses: Mathematics - Social and Political Sciences.<\/p>\n<p><strong>S\u00e9rie Scientifique<\/strong>: Specialized courses: Mathematics - Life and Earth Sciences - Physical Sciences, your choice.<\/p>\n<p><span style=\"color: #ff6600;\"><strong>Repeaters of Terminale can keep their grades from the previous year - Flexible timetable.<\/strong><\/span><\/p>\n<\/div>\n<\/div><\/div><\/div><\/div><\/div>","protected":false},"excerpt":{"rendered":"<p>Reinforced English teaching from 6th grade to Terminale, 2 additional hours of classes, on top of the official hours. Acquire a good working method to pursue studies in the second cycle. In-company internship Report and defense before a jury from the business world. Particular care is given to preparing the anticipated French test for the [&hellip;]<\/p>\n","protected":false},"author":3,"featured_media":0,"parent":347,"menu_order":6,"comment_status":"closed","ping_status":"closed","template":"","meta":{"footnotes":""},"class_list":["post-367","page","type-page","status-publish","hentry","post"],"yoast_head":"<!-- This site is optimized with the Yoast SEO plugin v27.4 - https:\/\/yoast.com\/product\/yoast-seo-wordpress\/ -->\n<title>Lyc\u00e9e - \u00c9cole Priv\u00e9 Val Saint Andr\u00e9<\/title>\n<meta name=\"robots\" content=\"index, follow, max-snippet:-1, max-image-preview:large, max-video-preview:-1\" \/>\n<link rel=\"canonical\" href=\"https:\/\/ecole-val-saint-andre.fr\/en\/the-school\/high-school\/\" \/>\n<meta property=\"og:locale\" content=\"en_US\" \/>\n<meta property=\"og:type\" content=\"article\" \/>\n<meta property=\"og:title\" content=\"Lyc\u00e9e - \u00c9cole Priv\u00e9 Val Saint Andr\u00e9\" \/>\n<meta property=\"og:description\" content=\"Reinforced English teaching from 6th grade to Terminale, 2 additional hours of classes, on top of the official hours. Acquire a good working method to pursue studies in the second cycle. In-company internship Report and defense before a jury from the business world. Particular care is given to preparing the anticipated French test for the [&hellip;]\" \/>\n<meta property=\"og:url\" content=\"https:\/\/ecole-val-saint-andre.fr\/en\/the-school\/high-school\/\" \/>\n<meta property=\"og:site_name\" content=\"\u00c9cole Priv\u00e9 Val Saint Andr\u00e9\" \/>\n<meta property=\"article:modified_time\" content=\"2025-05-05T14:47:29+00:00\" \/>\n<meta name=\"twitter:card\" content=\"summary_large_image\" \/>\n<meta name=\"twitter:label1\" content=\"Est. reading time\" \/>\n\t<meta name=\"twitter:data1\" content=\"2 minutes\" \/>\n<script type=\"application\/ld+json\" class=\"yoast-schema-graph\">{\"@context\":\"https:\\\/\\\/schema.org\",\"@graph\":[{\"@type\":\"WebPage\",\"@id\":\"https:\\\/\\\/ecole-val-saint-andre.fr\\\/en\\\/the-school\\\/high-school\\\/\",\"url\":\"https:\\\/\\\/ecole-val-saint-andre.fr\\\/en\\\/the-school\\\/high-school\\\/\",\"name\":\"Lyc\u00e9e - \u00c9cole Priv\u00e9 Val Saint Andr\u00e9\",\"isPartOf\":{\"@id\":\"https:\\\/\\\/ecole-val-saint-andre.fr\\\/en\\\/#website\"},\"datePublished\":\"2021-04-15T12:03:20+00:00\",\"dateModified\":\"2025-05-05T14:47:29+00:00\",\"breadcrumb\":{\"@id\":\"https:\\\/\\\/ecole-val-saint-andre.fr\\\/en\\\/the-school\\\/high-school\\\/#breadcrumb\"},\"inLanguage\":\"en-US\",\"potentialAction\":[{\"@type\":\"ReadAction\",\"target\":[\"https:\\\/\\\/ecole-val-saint-andre.fr\\\/en\\\/the-school\\\/high-school\\\/\"]}]},{\"@type\":\"BreadcrumbList\",\"@id\":\"https:\\\/\\\/ecole-val-saint-andre.fr\\\/en\\\/the-school\\\/high-school\\\/#breadcrumb\",\"itemListElement\":[{\"@type\":\"ListItem\",\"position\":1,\"name\":\"Accueil\",\"item\":\"https:\\\/\\\/ecole-val-saint-andre.fr\\\/en\\\/\"},{\"@type\":\"ListItem\",\"position\":2,\"name\":\"The School\",\"item\":\"https:\\\/\\\/ecole-val-saint-andre.fr\\\/en\\\/the-school\\\/\"},{\"@type\":\"ListItem\",\"position\":3,\"name\":\"Lyc\u00e9e\"}]},{\"@type\":\"WebSite\",\"@id\":\"https:\\\/\\\/ecole-val-saint-andre.fr\\\/en\\\/#website\",\"url\":\"https:\\\/\\\/ecole-val-saint-andre.fr\\\/en\\\/\",\"name\":\"\u00c9cole Priv\u00e9 Val Saint Andr\u00e9\",\"description\":\"\",\"publisher\":{\"@id\":\"https:\\\/\\\/ecole-val-saint-andre.fr\\\/en\\\/#organization\"},\"potentialAction\":[{\"@type\":\"SearchAction\",\"target\":{\"@type\":\"EntryPoint\",\"urlTemplate\":\"https:\\\/\\\/ecole-val-saint-andre.fr\\\/en\\\/?s={search_term_string}\"},\"query-input\":{\"@type\":\"PropertyValueSpecification\",\"valueRequired\":true,\"valueName\":\"search_term_string\"}}],\"inLanguage\":\"en-US\"},{\"@type\":\"Organization\",\"@id\":\"https:\\\/\\\/ecole-val-saint-andre.fr\\\/en\\\/#organization\",\"name\":\"\u00c9cole Priv\u00e9 Val Saint Andr\u00e9\",\"url\":\"https:\\\/\\\/ecole-val-saint-andre.fr\\\/en\\\/\",\"logo\":{\"@type\":\"ImageObject\",\"inLanguage\":\"en-US\",\"@id\":\"https:\\\/\\\/ecole-val-saint-andre.fr\\\/en\\\/#\\\/schema\\\/logo\\\/image\\\/\",\"url\":\"https:\\\/\\\/i0.wp.com\\\/ecole-val-saint-andre.fr\\\/wp-content\\\/uploads\\\/2021\\\/04\\\/logo.png?fit=200%2C165&ssl=1\",\"contentUrl\":\"https:\\\/\\\/i0.wp.com\\\/ecole-val-saint-andre.fr\\\/wp-content\\\/uploads\\\/2021\\\/04\\\/logo.png?fit=200%2C165&ssl=1\",\"width\":200,\"height\":165,\"caption\":\"\u00c9cole Priv\u00e9 Val Saint Andr\u00e9\"},\"image\":{\"@id\":\"https:\\\/\\\/ecole-val-saint-andre.fr\\\/en\\\/#\\\/schema\\\/logo\\\/image\\\/\"}}]}<\/script>\n<!-- \/ Yoast SEO plugin. -->","yoast_head_json":{"title":"Lyc\u00e9e - \u00c9cole Priv\u00e9 Val Saint Andr\u00e9","robots":{"index":"index","follow":"follow","max-snippet":"max-snippet:-1","max-image-preview":"max-image-preview:large","max-video-preview":"max-video-preview:-1"},"canonical":"https:\/\/ecole-val-saint-andre.fr\/en\/the-school\/high-school\/","og_locale":"en_US","og_type":"article","og_title":"Lyc\u00e9e - \u00c9cole Priv\u00e9 Val Saint Andr\u00e9","og_description":"Reinforced English teaching from 6th grade to Terminale, 2 additional hours of classes, on top of the official hours. Acquire a good working method to pursue studies in the second cycle. In-company internship Report and defense before a jury from the business world. Particular care is given to preparing the anticipated French test for the [&hellip;]","og_url":"https:\/\/ecole-val-saint-andre.fr\/en\/the-school\/high-school\/","og_site_name":"\u00c9cole Priv\u00e9 Val Saint Andr\u00e9","article_modified_time":"2025-05-05T14:47:29+00:00","twitter_card":"summary_large_image","twitter_misc":{"Est. reading time":"2 minutes"},"schema":{"@context":"https:\/\/schema.org","@graph":[{"@type":"WebPage","@id":"https:\/\/ecole-val-saint-andre.fr\/en\/the-school\/high-school\/","url":"https:\/\/ecole-val-saint-andre.fr\/en\/the-school\/high-school\/","name":"Lyc\u00e9e - \u00c9cole Priv\u00e9 Val Saint Andr\u00e9","isPartOf":{"@id":"https:\/\/ecole-val-saint-andre.fr\/en\/#website"},"datePublished":"2021-04-15T12:03:20+00:00","dateModified":"2025-05-05T14:47:29+00:00","breadcrumb":{"@id":"https:\/\/ecole-val-saint-andre.fr\/en\/the-school\/high-school\/#breadcrumb"},"inLanguage":"en-US","potentialAction":[{"@type":"ReadAction","target":["https:\/\/ecole-val-saint-andre.fr\/en\/the-school\/high-school\/"]}]},{"@type":"BreadcrumbList","@id":"https:\/\/ecole-val-saint-andre.fr\/en\/the-school\/high-school\/#breadcrumb","itemListElement":[{"@type":"ListItem","position":1,"name":"Accueil","item":"https:\/\/ecole-val-saint-andre.fr\/en\/"},{"@type":"ListItem","position":2,"name":"The School","item":"https:\/\/ecole-val-saint-andre.fr\/en\/the-school\/"},{"@type":"ListItem","position":3,"name":"Lyc\u00e9e"}]},{"@type":"WebSite","@id":"https:\/\/ecole-val-saint-andre.fr\/en\/#website","url":"https:\/\/ecole-val-saint-andre.fr\/en\/","name":"\u00c9cole Priv\u00e9 Val Saint Andr\u00e9","description":"","publisher":{"@id":"https:\/\/ecole-val-saint-andre.fr\/en\/#organization"},"potentialAction":[{"@type":"SearchAction","target":{"@type":"EntryPoint","urlTemplate":"https:\/\/ecole-val-saint-andre.fr\/en\/?s={search_term_string}"},"query-input":{"@type":"PropertyValueSpecification","valueRequired":true,"valueName":"search_term_string"}}],"inLanguage":"en-US"},{"@type":"Organization","@id":"https:\/\/ecole-val-saint-andre.fr\/en\/#organization","name":"\u00c9cole Priv\u00e9 Val Saint Andr\u00e9","url":"https:\/\/ecole-val-saint-andre.fr\/en\/","logo":{"@type":"ImageObject","inLanguage":"en-US","@id":"https:\/\/ecole-val-saint-andre.fr\/en\/#\/schema\/logo\/image\/","url":"https:\/\/i0.wp.com\/ecole-val-saint-andre.fr\/wp-content\/uploads\/2021\/04\/logo.png?fit=200%2C165&ssl=1","contentUrl":"https:\/\/i0.wp.com\/ecole-val-saint-andre.fr\/wp-content\/uploads\/2021\/04\/logo.png?fit=200%2C165&ssl=1","width":200,"height":165,"caption":"\u00c9cole Priv\u00e9 Val Saint Andr\u00e9"},"image":{"@id":"https:\/\/ecole-val-saint-andre.fr\/en\/#\/schema\/logo\/image\/"}}]}},"jetpack_sharing_enabled":true,"_links":{"self":[{"href":"https:\/\/ecole-val-saint-andre.fr\/en\/wp-json\/wp\/v2\/pages\/367","targetHints":{"allow":["GET"]}}],"collection":[{"href":"https:\/\/ecole-val-saint-andre.fr\/en\/wp-json\/wp\/v2\/pages"}],"about":[{"href":"https:\/\/ecole-val-saint-andre.fr\/en\/wp-json\/wp\/v2\/types\/page"}],"author":[{"embeddable":true,"href":"https:\/\/ecole-val-saint-andre.fr\/en\/wp-json\/wp\/v2\/users\/3"}],"replies":[{"embeddable":true,"href":"https:\/\/ecole-val-saint-andre.fr\/en\/wp-json\/wp\/v2\/comments?post=367"}],"version-history":[{"count":3,"href":"https:\/\/ecole-val-saint-andre.fr\/en\/wp-json\/wp\/v2\/pages\/367\/revisions"}],"predecessor-version":[{"id":1571,"href":"https:\/\/ecole-val-saint-andre.fr\/en\/wp-json\/wp\/v2\/pages\/367\/revisions\/1571"}],"up":[{"embeddable":true,"href":"https:\/\/ecole-val-saint-andre.fr\/en\/wp-json\/wp\/v2\/pages\/347"}],"wp:attachment":[{"href":"https:\/\/ecole-val-saint-andre.fr\/en\/wp-json\/wp\/v2\/media?parent=367"}],"curies":[{"name":"wp","href":"https:\/\/api.w.org\/{rel}","templated":true}]}}

Lycée

<div id="pl-367"  class="panel-layout" ><div id="pg-367-0"  class="panel-grid panel-no-style" ><div id="pgc-367-0-0"  class="panel-grid-cell" ><div id="panel-367-0-0-0" class="so-panel widget widget_sow-editor panel-first-child" data-index="0" ><div
			
			class="so-widget-sow-editor so-widget-sow-editor-base"
			
		><h3 class="widget-title">Lycée</h3>
<div class="siteorigin-widget-tinymce textwidget">
	<h2>Reinforced English teaching from 6th grade to Terminale, 2 additional hours of classes, on top of the official hours.</h2>
</div>
</div></div><div id="panel-367-0-0-1" class="so-panel widget widget_sow-editor" data-index="1" ><div
			
			class="so-widget-sow-editor so-widget-sow-editor-base"
			
		><h3 class="widget-title">Grade 2</h3>
<div class="siteorigin-widget-tinymce textwidget">
	<p>Acquire a good working method to pursue studies in the second cycle.</p>
<p>In-company internship Report and defense before a jury from the business world.</p>
</div>
</div></div><div id="panel-367-0-0-2" class="so-panel widget widget_sow-editor" data-index="2" ><div
			
			class="so-widget-sow-editor so-widget-sow-editor-base"
			
		><h3 class="widget-title">1st grade</h3>
<div class="siteorigin-widget-tinymce textwidget">
	<p>Particular care is given to preparing the anticipated French test for the Baccalauréat. Pupils have the possibility to use Internet. The school has a modern IT room with the latest PCs and printer so that pupils can work on projects and print out.</p>
</div>
</div></div><div id="panel-367-0-0-3" class="so-panel widget widget_sow-editor panel-last-child" data-index="3" ><div
			
			class="so-widget-sow-editor so-widget-sow-editor-base"
			
		><h3 class="widget-title">Terminales</h3>
<div class="siteorigin-widget-tinymce textwidget">
	<p><strong>Literary Serie</strong>: Specialized Teaching: English LV1 - LELE - Literature</p>
<p><strong>Serie Economique et Sociale</strong>: Specialized courses: Mathematics - Social and Political Sciences.</p>
<p><strong>Série Scientifique</strong>: Specialized courses: Mathematics - Life and Earth Sciences - Physical Sciences, your choice.</p>
<p><span style="color: #ff6600;"><strong>Repeaters of Terminale can keep their grades from the previous year - Flexible timetable.</strong></span></p>
</div>
</div></div></div></div></div>

<!-- This site is optimized with the Yoast SEO plugin v27.4 - https://yoast.com/product/yoast-seo-wordpress/ -->
<title>Lycée - École Privé Val Saint André</title>
<meta name="robots" content="index, follow, max-snippet:-1, max-image-preview:large, max-video-preview:-1" />
<link rel="canonical" href="https://ecole-val-saint-andre.fr/en/the-school/high-school/" />
<meta property="og:locale" content="en_US" />
<meta property="og:type" content="article" />
<meta property="og:title" content="Lycée - École Privé Val Saint André" />
<meta property="og:description" content="Reinforced English teaching from 6th grade to Terminale, 2 additional hours of classes, on top of the official hours. Acquire a good working method to pursue studies in the second cycle. In-company internship Report and defense before a jury from the business world. Particular care is given to preparing the anticipated French test for the [&hellip;]" />
<meta property="og:url" content="https://ecole-val-saint-andre.fr/en/the-school/high-school/" />
<meta property="og:site_name" content="École Privé Val Saint André" />
<meta property="article:modified_time" content="2025-05-05T14:47:29+00:00" />
<meta name="twitter:card" content="summary_large_image" />
<meta name="twitter:label1" content="Est. reading time" />
	<meta name="twitter:data1" content="2 minutes" />
<script type="application/ld+json" class="yoast-schema-graph">{"@context":"https:\/\/schema.org","@graph":[{"@type":"WebPage","@id":"https:\/\/ecole-val-saint-andre.fr\/en\/the-school\/high-school\/","url":"https:\/\/ecole-val-saint-andre.fr\/en\/the-school\/high-school\/","name":"Lycée - École Privé Val Saint André","isPartOf":{"@id":"https:\/\/ecole-val-saint-andre.fr\/en\/#website"},"datePublished":"2021-04-15T12:03:20+00:00","dateModified":"2025-05-05T14:47:29+00:00","breadcrumb":{"@id":"https:\/\/ecole-val-saint-andre.fr\/en\/the-school\/high-school\/#breadcrumb"},"inLanguage":"en-US","potentialAction":[{"@type":"ReadAction","target":["https:\/\/ecole-val-saint-andre.fr\/en\/the-school\/high-school\/"]}]},{"@type":"BreadcrumbList","@id":"https:\/\/ecole-val-saint-andre.fr\/en\/the-school\/high-school\/#breadcrumb","itemListElement":[{"@type":"ListItem","position":1,"name":"Accueil","item":"https:\/\/ecole-val-saint-andre.fr\/en\/"},{"@type":"ListItem","position":2,"name":"The School","item":"https:\/\/ecole-val-saint-andre.fr\/en\/the-school\/"},{"@type":"ListItem","position":3,"name":"Lycée"}]},{"@type":"WebSite","@id":"https:\/\/ecole-val-saint-andre.fr\/en\/#website","url":"https:\/\/ecole-val-saint-andre.fr\/en\/","name":"École Privé Val Saint André","description":"","publisher":{"@id":"https:\/\/ecole-val-saint-andre.fr\/en\/#organization"},"potentialAction":[{"@type":"SearchAction","target":{"@type":"EntryPoint","urlTemplate":"https:\/\/ecole-val-saint-andre.fr\/en\/?s={search_term_string}"},"query-input":{"@type":"PropertyValueSpecification","valueRequired":true,"valueName":"search_term_string"}}],"inLanguage":"en-US"},{"@type":"Organization","@id":"https:\/\/ecole-val-saint-andre.fr\/en\/#organization","name":"École Privé Val Saint André","url":"https:\/\/ecole-val-saint-andre.fr\/en\/","logo":{"@type":"ImageObject","inLanguage":"en-US","@id":"https:\/\/ecole-val-saint-andre.fr\/en\/#\/schema\/logo\/image\/","url":"https:\/\/i0.wp.com\/ecole-val-saint-andre.fr\/wp-content\/uploads\/2021\/04\/logo.png?fit=200%2C165&ssl=1","contentUrl":"https:\/\/i0.wp.com\/ecole-val-saint-andre.fr\/wp-content\/uploads\/2021\/04\/logo.png?fit=200%2C165&ssl=1","width":200,"height":165,"caption":"École Privé Val Saint André"},"image":{"@id":"https:\/\/ecole-val-saint-andre.fr\/en\/#\/schema\/logo\/image\/"}}]}</script>
<!-- / Yoast SEO plugin. -->

Lycée - École Privé Val Saint André

École Privé Val Saint André
